66
What is 7069 (base 12) in base 13?
5709
12 (base 9) to base 8
13
-28 (base 15) to base 2
-100110
Convert 23b1c (base 13) to base 6.
1223405
Convert -6564 (base 7) to base 9.
-3200
What is 330313 (base 4) in base 2?
111100110111
2189 (base 16) to base 4
2012021
Convert 9092 (base 10) to base 16.
2384
What is -27221 (base 8) in base 13?
-5570
What is 29479 (base 10) in base 8?
71447
Convert 32432 (base 6) to base 16.
1184
-22e (base 15) to base 13
-2c0
Convert -22100 (base 3) to base 7.
-441
What is 11010011101 (base 2) in base 16?
69d
Convert -125 (base 12) to base 3.
-20102
1403311 (base 5) to base 12
14659
Convert -120 (base 7) to base 13.
-4b
Convert -933 (base 14) to base 11.
-13a5
-1101212 (base 5) to base 10
-18932
Convert 1001101100 (base 2) to base 15.
2b5
What is -1011110100001 (base 2) in base 12?
-3601
What is 293 (base 10) in base 13?
197
-772 (base 8) to base 12
-362
What is -2268 (base 14) in base 6?
-43352
Convert -2201 (base 6) to base 14.
-281
-33e (base 16) to base 4
-30332
Convert -231230 (base 5) to base 11.
-627a
What is 4c2 (base 16) in base 11?
a08
Convert -2b9 (base 16) to base 12.
-4a1
Convert 785 (base 11) to base 2.
1110101100
What is 11023332 (base 4) in base 2?
101001011111110
-100011011100111 (base 2) to base 14
-6887
11101001100 (base 2) to base 4
131030
Convert 16330 (base 8) to base 3.
101010111
Convert 664 (base 14) to base 9.
1654
-10130232 (base 5) to base 14
-22464
Convert -32320 (base 4) to base 9.
-1267
What is 2d5 (base 15) in base 13?
3b0
What is -124d (base 16) in base 15?
-15c5
-37ca (base 14) to base 13
-45b6
Convert -1001110 (base 2) to base 5.
-303
Convert -7c21 (base 14) to base 6.
-243541
What is 2103 (base 14) in base 15?
1a42
What is -1100010101 (base 2) in base 6?
-3353
2bca (base 16) to base 3
120101012
37040 (base 12) to base 4
102021300
What is -62140 (base 8) in base 7?
-134626
133202 (base 4) to base 9
2682
What is -532 (base 16) in base 7?
-3610
What is 1427 (base 8) in base 11?
65a
What is -606 (base 9) in base 10?
-492
1c4 (base 16) to base 12
318
What is -109c (base 14) in base 11?
-2190
89065 (base 10) to base 12
43661
-15d7 (base 16) to base 3
-21200002
Convert -21211002 (base 3) to base 8.
-13103
What is -423202 (base 5) in base 7?
-56222
Convert -1240 (base 5) to base 15.
-d0
210220002 (base 3) to base 16
3e57
Convert 10387 (base 10) to base 5.
313022
What is 3618 (base 16) in base 3?
200222220
225051 (base 6) to base 5
1104010
-10100001011 (base 2) to base 13
-784
Convert -18c3 (base 14) to base 7.
-16033
Convert 11101101110001 (base 2) to base 12.
8981
Convert -110111111100010 (base 2) to base 16.
-6fe2
What is -17 (base 12) in base 16?
-13
333103 (base 4) to base 15
1301
What is -9332 (base 10) in base 3?
-110210122
What is 10070 (base 8) in base 13?
1b75
Convert 1171 (base 9) to base 2.
1101101010
Convert 1228a (base 15) to base 14.
17199
Convert fe4 (base 16) to base 11.
3069
Convert -10 (base 14) to base 13.
-11
-539 (base 11) to base 7
-1613
What is -4215 (base 8) in base 14?
-b25
15c7 (base 13) to base 11
2454
-2319 (base 16) to base 15
-29e0
Convert 106d (base 14) to base 4.
230121
-10140 (base 6) to base 13
-804
What is 43213 (base 5) in base 9?
4018
4816 (base 15) to base 16
3bd9
Convert -1070 (base 13) to base 15.
-a28
241 (base 11) to base 3
101122
What is -139 (base 12) in base 4?
-2331
-15603 (base 12) to base 5
-1431433
What is 204 (base 13) in base 14?
1a6
What is -737 (base 12) in base 14?
-551
-40c (base 15) to base 7
-2442
What is -121404 (base 5) in base 16?
-11fc
What is -40a (base 15) in base 11?
-758
What is 121243 (base 5) in base 9?
6241
What is 8935 (base 13) in base 9?
28227
What is -1100222 (base 3) in base 11?
-828
11111100 (base 2) to base 13
165
6547 (base 8) to base 9
4632
What is 132 (base 11) in base 4?
2130
Convert -1002110 (base 3) to base 8.
-1433
120202 (base 3) to base 6
1545
What is -304 (base 11) in base 5?
-2432
What is 22bb (base 14) in base 2?
1011110011101
-11a3a (base 11) to base 12
-9b75
Convert -32123 (base 7) to base 11.
-5a82
What is 65 (base 7) in base 2?
101111
Convert -12ab (base 16) to base 12.
-2923
What is 6046 (base 7) in base 11?
1632
What is -a32 (base 11) in base 14?
-64d
What is 21 (base 5) in base 13?
b
Convert 9968 (base 10) to base 7.
41030
What is 1167 (base 11) in base 4?
113311
Convert 231500 (base 6) to base 7.
111555
-1096d (base 14) to base 15
-be02
6222 (base 8) to base 3
11102012
Convert -1111131 (base 5) to base 12.
-b385
Convert -1133022 (base 4) to base 8.
-13712
Convert 70453 (base 9) to base 13.
180c6
Convert -1b3 (base 14) to base 16.
-161
-16 (base 14) to base 3
-202
What is 21413 (base 8) in base 14?
33ab
What is -3302023 (base 4) in base 8?
-36213
Convert 798c (base 13) to base 14.
62b6
Convert -551252 (base 6) to base 12.
-22528
Convert 904 (base 11) to base 7.
3121
Convert 2121440 (base 5) to base 11.
24a4a
Convert 573 (base 12) to base 13.
4a1
-295 (base 11) to base 9
-424
What is 671 (base 11) in base 16?
324
Convert -201101221 (base 3) to base 15.
-42d1
Convert -32133 (base 4) to base 9.
-1240
What is 822 (base 10) in base 7?
2253
What is 1043 (base 9) in base 13?
471
-2296 (base 14) to base 7
-23346
Convert 21411 (base 5) to base 4.
113021
Convert 315 (base 9) to base 4.
10001
What is -43102 (base 6) in base 3?
-22001102
110121 (base 3) to base 5
2330
4066 (base 13) to base 12
5174
Convert -15421 (base 9) to base 5.
-314144
What is 104402 (base 6) in base 10?
8786
6c4 (base 13) to base 8
2226
What is 190a (base 11) in base 7?
10041
20524 (base 6) to base 15
c5d
Convert 20075 (base 11) to base 7.
151416
-115412 (base 6) to base 15
-30be
Convert -16011 (base 9) to base 16.
-2ac1
-12200 (base 3) to base 10
-153
Convert 1202002 (base 3) to base 11.
a56
-214334 (base 5) to base 15
-232e
Convert -122510 (base 6) to base 3.
-120001220
328 (base 13) to base 11
452
1302302 (base 5) to base 14
9331
-2351 (base 6) to base 11
-47a
What is -5987 (base 11) in base 13?
-3750
What is -78a1 (base 16) in base 8?
-74241
What is 154 (base 11) in base 2?
10110100
-2745 (base 11) to base 15
-10c3
Convert -73670 (base 8) to base 7.
-155232
Convert 28b (base 12) to base 2.
110001011
What is -23a (base 13) in base 15?
-1ac
Convert 4262 (base 7) to base 16.
5ea
-121132 (base 4) to base 6
-11314
-4a9 (base 11) to base 13
-375
200222212 (base 3) to base 5
420342
What is 1002220 (base 3) in base 11?
674
-1242451 (base 6) to base 11
-470a8
4502 (base 6) to base 13
626
42c (base 15) to base 12
666
Convert -1011011111010 (base 2) to base 10.
-5882
What is -11211312 (base 4) in base 8?
-54566
What is -1101111110111 (base 2) in base 10?
-7159
Convert -110101011 (base 2) to base 7.
-1150
b8d (base 16) to base 6
21405
What is 1568 (base 12) in base 5?
40103
What is 2634 (base 8) in base 16?
59c
What is 14401 (base 13) in base 15?
b401
Convert -14825 (base 9) to base 6.
-114552
What is 2222 (base 3) in base 15?
55
Convert 50a (base 12) to base 15.
33a
Convert 1201201012 (base 3) to base 4.
20110010
What is -181 (base 13) in base 7?
-541
-3643 (base 8) to base 6
-13015
Convert 32 (base 10) to base 11.
2a
What is -12261 (base 8) in base 13?
-2546
What is 1111101000111101 (base 2) in base 8?
175075
Convert -14514 (base 12) to base 15.
-8624
11102222 (base 3) to base 14
1275
c64 (base 16) to base 8
6144
Convert 123122 (base 4) to base 15.
7be
137dd (base 15) to base 12
30231
-11185 (base 9) to base 12
-4388
What is 21232 (base 5) in base 4?
112202
What is -2ca9 (base 13) in base 14?
-2569
Convert 4575 (base 12) to base 11.
588a
Convert -141a (base 11) to base 15.
-826
Convert -33003 (base 4) to base 11.
-7a6
What is 2819 (base 16) in base 2?
10100000011001
-242 (base 6) to base 9
-118
What is -11101102 (base 3) in base 10?
-3197
What is 3d40 (base 15) in base 7?
53136
-2122 (base 5) to base 12
-1bb
26066 (base 9) to base 12
a1b0
Convert -111001100100 (base 2) to base 3.
-12001110
Convert -3322 (base 9) to base 14.
-c70
Convert -54430 (base 7) to base 15.
-4064
What is -8751 (base 12) in base 8?
-35055
Convert -54 (base 7) to base 15.
-29
What is -63011 (base 7) in base 10?
-15443
Convert -49d7 (base 15) to base 16.
-3d6f
Convert 58 (base 13) to base 10.
73
What is 13626 (base 13) in base 16?
8d66
102033 (base 5) to base 4
31100